alse
Suppose 4*r - 14 = 6. Suppose -j - 229 = -5*z, -3*z = 5*j - r*z + 1076. Is 0 - j - (-6)/(-2) a composite number?
False
Suppose -6*i - 1084 = -3*i - 4*j, 5*j + 10 = 0. Suppose -8107 = -5*z - 6*z. Let b = z + i. Is b a composite number?
False
Let s(i) = i**2 - 6*i + 56. Is s(-17) a prime number?
False
Let a = 0 + 3. Suppose -o = r + 26, -a*o = o - 3*r + 83. Let c = -2 - o. Is c a composite number?
True
Suppose -4*b = -86*f + 89*f - 9887, 0 = -3*f + 2*b + 9875. Is f composite?
True
Let k(a) = 296*a**3 + a**2 - 5*a + 7. Let l be k(2). Let u = -1066 + l. Is u a prime number?
True
Suppose -2*z + 5*u = -14 + 89, z - 3*u = -40. Let o = 28 + z. Suppose -o*c + 0*c = -42. Is c a prime number?
False
Let c(x) be the first derivative of -x**4/4 - x**3/3 + 3*x - 1. Let d be c(0). Suppose -d*y = -18 - 456. Is y composite?
True
Let i = 11231 + -6448. Is i prime?
True
Let d be (-612)/(-24)*4/(-6). Let i = d - -19. Is (-3)/i*5588/(-33) prime?
False
Let v = 47 + -42. Suppose v*u - u = 3548. Is u a prime number?
True
Suppose -x + 1 - 3 = 0, -4*x - 28 = -4*q. Suppose -3*y + 3*p = p - 1328, 0 = -3*y - q*p + 1321. Suppose -s = -3*s + y. Is s a composite number?
True
Suppose 5*m + p - 30874 = 13744, 7*m - 62452 = 3*p. Is m a prime number?
True
Let n(q) = -q. Suppose -r = 3*k + 11, -r = r - 2*k - 10. Let s(l) = 86*l - 2. Let j(x) = r*s(x) - 3*n(x). Is j(5) composite?
False
Let t(c) = -c**2 - 6*c + 13. Let n be t(-7). Is n + -10 - (-54)/2 a composite number?
False
Let g be ((-8)/16)/((-34)/32 - -1). Is (-1)/(-2) - (-20100)/g a prime number?
False
Is 5 - (-5 - (-2)/2 - 10652) prime?
False
Let k = 1037 - -3558. Is k a prime number?
False
Is ((-6)/(-20))/(65/3300050) a composite number?
True
Suppose 77 = 4*a - 6031. Suppose -11*q = -8*q - a. Is q a prime number?
True
Let n(l) be the second derivative of l**5/20 + l**4 + 4*l**3/3 - 5*l**2/2 + 9*l. Is n(-10) a composite number?
True
Let q be 12310 + 6 + (0 - -2). Suppose -4*f + p + q = -p, -f + 3081 = -2*p. Is f a prime number?
True
Let g(i) = 168*i**3 + 83*i**3 + 2*i**2 + 1 - 2*i - i**2. Is g(1) prime?
True
Let y = -2 - -54. Suppose 1948 = y*w - 48*w. Is w prime?
True
Suppose 4*n + 600 - 50752 = -4*a, -2*a = -2*n + 25080. Is n prime?
True
Suppose l + 4 = 12. Suppose l*w - 6*w = 36. Suppose 0 = -w*x + 15*x + 153. Is x a composite number?
True
Suppose 4*p + l = -15697 + 61035, -4*l - 8 = 0. Is p a prime number?
False
Suppose -u = -105 - 431. Let l be ((-60)/(-16))/(3/u). Suppose -114 = 4*t - l. Is t a prime number?
True
Let i = 251 + -30. Suppose 5*h = -5*j + 1150, -j - i = -h - 5*j. Is h prime?
True
Suppose -5*a + 1 = -4*q, -3 = 2*q + q - 3*a. Is (-309)/q*(3 + 1) prime?
False
Is ((-34822)/10)/(122/(-10) - -12) composite?
True
Suppose -11*u + 51688 = 15707. Is u composite?
False
Is 3 - -21 - (6/2 - -2) a prime number?
True
Is (463720/8 + 8)*1 prime?
True
Suppose -6*m + 1747 = -1313. Suppose 4*i - o = 1027, -2*i + o + m = -3*o. Is i composite?
False
Let r(q) = q**2 + 9*q - 8. Let b be r(-10). Suppose -3*a = -b*p - 3*p + 1095, 4*p - 876 = a. Is p prime?
False
Suppose 8*q - 4 = 7*q. Suppose -304 = -q*w + 2*v, -w = 2*v + 36 - 117. Is w a prime number?
False
Let b(n) = 693*n**2 + n + 11. Is b(5) composite?
False
Let v = 702 + -1407. Let m = v - -4268. Is m a composite number?
True
Suppose -5*l = -3*x - 16, 5*x = 4*l + 3*x - 12. Suppose 0*n = -b + l*n + 1409, 5*b - 2*n = 7045. Is b a prime number?
True
Let c(p) = 3*p + 4843. Is c(0) prime?
False
Let v(n) = 104*n**2 + 8*n + 1. Let d be -4 - 6*(20/3)/(-4). Is v(d) a prime number?
True
Let k = -521 + 523. Let b(s) = s**3 - 4*s**2 - 5. Let a be b(5). Suppose k*c = 4*c + 2*w - a, 43 = 4*c + w. Is c a composite number?
False
Let z = 2181 - -152. Is z prime?
True
Let c(w) = 41139*w**2 - 20*w - 27. Is c(-2) a prime number?
True
Suppose -19135 - 5850 = -5*s. Is s prime?
False
Suppose 2*l + 4*j = 5*l - 2267, 2*j - 2291 = -3*l. Let h = -227 - -143. Is (-14)/h + l/6 a prime number?
True
Suppose -3*q + 0*q - 2*p = -15136, 5*p = -4*q + 20172. Suppose u - q = -7*u. Is u a prime number?
True
Suppose 134*k + 253314 = 152*k. Is k a composite number?
True
Let t = 2032 - 231. Is t a prime number?
True
Let l be (-1177)/(-33) + (-4)/6. Is (-1*293)/((-7)/l) a composite number?
True
Is 5/25 + 0 - (-27904)/5 prime?
True
Let t(b) = 33*b - 8. Let c be (-7)/(-1) - (4 - 4). Is t(c) composite?
False
Let m(g) = 584*g**2 + 10*g + 19. Is m(-4) composite?
False
Let l be (0 + 0 + -1)*-339. Suppose -i - 106 = -3*f - l, -456 = -2*i + 4*f. Let j = i - 131. Is j a composite number?
True
Let n(a) = 340*a + 340. Let w(s) be the third derivative of 17*s**4/24 + 17*s**3/6 - 5*s**2. Let g(f) = -6*n(f) + 119*w(f). Is g(-8) prime?
False
Suppose 0 = 3*l + 5*v - 17933, 0 = -5*l - 3*v + 5*v + 29847. Is l prime?
False
Suppose 4 = 2*j + 178. Let w be (-7)/(-35) - (-2277)/15. Let h = j + w. Is h composite?
True
Suppose 4*j + 6*k - 33 = 3*k, k + 21 = 4*j. Let z = -1 - -2. Is 2*225/j - z prime?
False
Suppose 2*m = -m + 2*p + 54, -2*m - 5*p = -36. Let h = -15 - m. Let s = h - -110. Is s a prime number?
False
Suppose -189 = 3*i + 63. Let x be ((-9)/2)/(7/i). Let u = -35 + x. Is u composite?
False
Let y = 18424 + -10797. Is y a prime number?
False
Let i = 20 - 20. Suppose 3*l + l = 5*k - 282, i = 5*k + 2*l - 264. Let n = k - -55. Is n prime?
True
Suppose 5*z + 302 = 4*s - 440, 0 = s + 2. Let b = -49 - z. Suppose 3*m = -3*c + 258, -m + b = c - 3*c. Is m a prime number?
False
Is 30689*(1/(-2) - (-72)/48) composite?
False
Let r(a) = -a**3 - 2*a**2 + a + 6. Let p be r(8). Let c = 895 + p. Is c prime?
True
Suppose 0*z - 3*z = -2*x - 10, -4 = 3*z + 5*x. Suppose 11 - 159 = -z*b. Is b composite?
True
Let n = 1672 + -940. Suppose -n - 733 = -5*k. Is k composite?
False
Suppose -12543 = -7*o + 31046. Is o prime?
False
Let d = -204 - -551. Let w = 570 - d. Is w a composite number?
False
Let i(y) = y - 3. Let u be i(9). Let h(l) = l**2 + 13*l - 2. Let r be h(u). Suppose r = 2*d - 1114. Is d prime?
True
Let d(r) be the first derivative of 11*r**3/3 - 5*r**2/2 + r + 18. Is d(1) composite?
False
Suppose -3*j = -t - 10, 3*t + 2*t - 20 = j. Suppose 20 = 3*z - 2*i, 0 = 8*i - 4*i - 20. Suppose j*q + z = 0, 3*v - 137 + 36 = 4*q. Is v a composite number?
False
Let j(h) = 14*h - 8. Let d(g) = -1. Let b(r) = 5*d(r) + j(r). Is b(10) a composite number?
False
Let t(r) = -7*r + r + 8*r + 11. Let z be t(-5). Is 1/(z + -2)*-295 a prime number?
False
Let y(o) = -o**2 + 5*o - 3. Let j be y(4). Suppose h + j - 3 = 0. Is 1*h - (-6 + -45) composite?
False
Let x be -1*12/(-4) + 2. Suppose -x*v + 0*v = -7295. Is v a composite number?
False
Is 1 + 11682 - (-4 - -10) prime?
True
Suppose 5*x - 4*b - 63939 = 0, 12*x - 17*x + 63947 = -2*b. Is x a prime number?
True
Suppose 7*q = -15*q + 103378. Is q a composite number?
True
Let j(l) = -l**2 + 4*l - 3. Let c be j(2). Suppose 5 = -2*x - c, -n - 4*x = -1499. Is n composite?
False
Let w = 10680 + -7475. Is w composite?
True
Suppose 3274 = 5*a + 4*y, -2*a + 6*y - y = -1303. Let q(t) = -2*t + a*t**3 + 8*t - 5*t - t**2 - t**2. Is q(1) a prime number?
True
Let n(s) = -3*s**3 + 3*s**2 - 10*s + 9. Let h be n(-7). Suppose 25 = -0*j + 5*j. Suppose 5*b - 5*z - 204 - 1051 = 0, z + h = j*b. Is b a prime number?
True
Suppose 9*p = 4*f + 13*p - 366600, 5*f - 458258 = 3*p. Is f a prime number?
False
Let k(s) = -432*s. Let x be k(-1). Let d = x + -262. Suppose 195 = 5*i + 2*c, i + 4*i - d = 3*c. Is i a composite number?
False
Let l be 3/(-2 - (1 + (-6)/4)). Is (-2)/8*1594*l composite?
False
Suppose 5*a + 221 = 3*d, -d - 5*a + 0*a = -87. Is d a composite number?
True
Let h = -373 - -379. Suppose 3*u - 3*b = -2421, u - 4*b + 765 = -57. Is u/(-3*h/9) a composite number?
False
Let c(x) = -x**2 - 3*x. Let r be c(-3). Suppose 2*u - h - 754 = r, 5*h - 1726 = -4*u - 190. Is u a prime number?
True
Suppose 58247 = -3*s + 7*w - 3*w, 0 = s + w + 19411. Let m be ((-2)/(-3))/((-18)/s). Let p = m + -234. Is p a composite number?
True
Suppose 5*l + 5*b - 10557 = 23243, 0 = -2*b - 2. Is l composite?
False
Let v(r) = 112*r**2 + 2*r + 3. Suppose -5*u + 7*z - 5 = 2*z, 2*u - z = -2. Is v(u) a prime number?
True
Let j be (-1278 - (4 + 0))*1. Let n = 117 - j. Is n a composite number?
False
Let m = 136 + 573. Is m a prime number?
True
Suppose -10*d + 8*d = -10